ommon factor of 34690 and 20?
10
What is the greatest common divisor of 522 and 2929?
29
What is the greatest common divisor of 12 and 33206748?
12
Calculate the highest common divisor of 141 and 813570.
141
Calculate the highest common factor of 84 and 315140.
28
What is the greatest common divisor of 34992 and 144?
144
What is the greatest common factor of 67524 and 2040?
204
Calculate the greatest common divisor of 21068234 and 881.
881
What is the greatest common divisor of 322 and 1863?
23
Calculate the greatest common factor of 64 and 642624.
64
What is the greatest common divisor of 13310 and 10?
10
What is the greatest common divisor of 412783 and 763?
763
Calculate the highest common divisor of 2337 and 674614.
779
What is the greatest common factor of 1878 and 5274?
6
What is the highest common divisor of 1876 and 4396?
28
Calculate the greatest common divisor of 1881 and 53504.
209
What is the greatest common divisor of 162226 and 1798?
58
What is the greatest common factor of 20682 and 378?
54
What is the greatest common factor of 49620 and 180?
60
Calculate the highest common factor of 622 and 65621.
311
What is the highest common factor of 408793 and 154?
77
Calculate the highest common factor of 112029 and 63867.
1047
What is the greatest common divisor of 1 and 604223?
1
What is the greatest common divisor of 12 and 16566?
6
What is the highest common factor of 30210 and 6705?
15
Calculate the highest common divisor of 5728 and 895.
179
Calculate the highest common divisor of 37 and 52022.
37
What is the greatest common factor of 16290 and 12150?
90
What is the highest common factor of 182685 and 105?
15
What is the greatest common divisor of 4872 and 67480?
56
Calculate the greatest common factor of 5609 and 2911.
71
Calculate the greatest common divisor of 68882 and 248.
62
What is the greatest common factor of 657531 and 15407?
497
What is the highest common divisor of 40 and 407240?
40
What is the greatest common divisor of 145524 and 4288?
268
Calculate the highest common divisor of 8745 and 99534.
159
Calculate the greatest common factor of 403 and 559.
13
What is the highest common divisor of 155 and 14680?
5
What is the greatest common divisor of 3983969 and 1234?
617
Calculate the highest common divisor of 630859 and 1272.
53
Calculate the greatest common factor of 51842 and 588.
98
What is the highest common divisor of 2231 and 28313?
23
Calculate the greatest common divisor of 424 and 23176.
8
Calculate the greatest common divisor of 28 and 10459708.
28
What is the highest common factor of 52988 and 52?
52
What is the greatest common factor of 840 and 15169?
7
Calculate the highest common factor of 427 and 1550437.
427
Calculate the highest common divisor of 2373 and 1455440.
791
What is the greatest common divisor of 9486 and 242482?
62
What is the highest common factor of 1751568 and 156?
156
Calculate the highest common divisor of 1560 and 19365.
15
Calculate the greatest common divisor of 2742120 and 5400.
1080
What is the highest common factor of 57848 and 112?
56
Calculate the greatest common divisor of 627 and 1824.
57
What is the highest common divisor of 5866 and 602?
14
Calculate the greatest common divisor of 20 and 15292.
4
Calculate the highest common factor of 2705 and 748744.
541
What is the greatest common divisor of 106 and 982726?
106
What is the highest common factor of 10 and 2580270?
10
Calculate the greatest common divisor of 11242 and 224.
14
What is the highest common factor of 844 and 13036846?
422
Calculate the greatest common divisor of 28 and 4006226.
14
Calculate the highest common factor of 32634 and 80586.
666
Calculate the greatest common factor of 15 and 63815.
5
What is the highest common factor of 2546805 and 93?
93
What is the greatest common factor of 3615 and 1605?
15
Calculate the highest common factor of 63 and 21042.
63
Calculate the highest common factor of 903 and 37281.
129
What is the highest common divisor of 77 and 3227?
7
What is the highest common factor of 44050 and 150?
50
Calculate the greatest common factor of 181 and 1721129.
181
Calculate the greatest common divisor of 93899 and 65.
13
What is the greatest common factor of 188 and 7837156?
188
What is the highest common factor of 40857 and 3?
3
Calculate the greatest common divisor of 6 and 7218.
6
Calculate the greatest common factor of 83 and 44488.
83
Calculate the highest common divisor of 6 and 52887.
3
Calculate the greatest common factor of 1480 and 3460.
20
What is the greatest common factor of 650574 and 12690?
846
What is the greatest common factor of 4725 and 336?
21
What is the highest common factor of 234 and 48932?
26
What is the highest common factor of 34 and 134623?
17
What is the greatest common divisor of 20276 and 11544?
148
What is the highest common factor of 3270 and 645?
15
What is the greatest common divisor of 290833 and 171?
19
What is the greatest common factor of 10716 and 56772?
228
Calculate the highest common divisor of 1884315 and 45.
15
What is the greatest common factor of 181433 and 196?
7
What is the greatest common divisor of 20605 and 65?
65
Calculate the greatest common divisor of 34435 and 1940.
485
What is the highest common divisor of 7177 and 1?
1
What is the highest common factor of 836 and 134805?
209
What is the greatest common divisor of 736 and 56373?
23
What is the greatest common factor of 753711 and 76?
19
Calculate the highest common divisor of 206928 and 36.
36
What is the highest common divisor of 9045 and 33?
3
What is the highest common divisor of 3 and 21015?
3
What is the highest common factor of 9977 and 121?
11
Calculate the greatest common factor of 792 and 301554.
198
What is the greatest common divisor of 2014689 and 159?
159
Calculate the highest common factor of 199230 and 90.
30
What is the greatest common divisor of 14526 and 621?
27
What is the greatest common divisor of 31495 and 3?
1
What is the highest common factor of 11580 and 90?
30
Calculate the greatest common factor of 62 and 6566327.
31
What is the highest common divisor of 209 and 88882?
19
What is the greatest common factor of 415920 and 20?
20
What is the greatest common factor of 910 and 268814?
182
Calculate the greatest common divisor of 1143 and 7747.
127
Calculate the highest common divisor of 372 and 2328.
12
What is the highest common divisor of 225 and 94725?
225
What is the greatest common factor of 49 and 91189?
49
Calculate the greatest common factor of 1136 and 1235116.
284
Calculate the greatest common divisor of 12240 and 5848.
136
What is the greatest common divisor of 114 and 7891194?
114
What is the greatest common factor of 2157299 and 347?
347
What is the highest common divisor of 540 and 28605?
15
Calculate the highest common divisor of 3375 and 18.
9
Calculate the highest common divisor of 7891 and 3627.
13
What is the highest common divisor of 135 and 1042605?
135
Calculate the greatest common divisor of 616 and 77704.
88
Calculate the highest common divisor of 194 and 19109.
97
Calculate the highest common factor of 1825 and 32425.
25
What is the greatest common divisor of 2777905 and 65?
65
What is the highest common factor of 18 and 36864?
18
What is the greatest common divisor of 43804 and 233?
233
Calculate the highest common factor of 2685 and 82698.
537
What is the greatest common factor of 7636992 and 1017?
339
Calculate the highest common factor of 14 and 3143.
7
What is the highest common factor of 125 and 26073875?
125
What is the greatest common divisor of 1053 and 2496?
39
Calculate the highest common factor of 342 and 14459.
19
What is the greatest common factor of 3474 and 1764?
18
What is the highest common divisor of 2009 and 4223?
41
Calculate the greatest common factor of 564117 and 645.
129
What is the greatest common factor of 14 and 2059?
1
What is the highest common factor of 178315 and 95?
95
Calculate the highest common divisor of 405 and 308145.
15
What is the highest common divisor of 2 and 238114?
2
What is the greatest common divisor of 18079 and 10807?
101
What is the highest common factor of 831 and 202210?
277
Calculate the highest common divisor of 90977 and 9.
1
What is the greatest common divisor of 10 and 1912?
2
What is